{"id":555,"date":"2021-08-31T04:10:20","date_gmt":"2021-08-31T07:10:20","guid":{"rendered":"https:\/\/supriete.com.br\/?page_id=555"},"modified":"2022-12-09T17:56:28","modified_gmt":"2022-12-09T20:56:28","slug":"obrasdeengenharia","status":"publish","type":"page","link":"https:\/\/supriete.com.br\/index.php\/obrasdeengenharia\/","title":{"rendered":"Obras de Engenharia"},"content":{"rendered":"\t\t<div data-elementor-type=\"wp-page\" data-elementor-id=\"555\" class=\"elementor elementor-555\" data-elementor-settings=\"[]\">\n\t\t\t\t\t\t\t<div class=\"elementor-section-wrap\">\n\t\t\t\t\t\t\t<section class=\"elementor-section elementor-top-section elementor-element elementor-element-3efadd8 elementor-section-height-min-height elementor-section-boxed elementor-section-height-default elementor-section-items-middle\" data-id=\"3efadd8\" data-element_type=\"section\" data-settings=\"{&quot;background_background&quot;:&quot;classic&quot;}\">\n\t\t\t\t\t\t\t<div class=\"elementor-background-overlay\"><\/div>\n\t\t\t\t\t\t\t<div class=\"elementor-container elementor-column-gap-default\">\n\t\t\t\t\t<div class=\"elementor-column elementor-col-100 elementor-top-column elementor-element elementor-element-d07cefb\" data-id=\"d07cefb\" data-element_type=\"column\">\n\t\t\t<div class=\"elementor-widget-wrap elementor-element-populated\">\n\t\t\t\t\t\t\t\t<div class=\"elementor-element elementor-element-09ee2b0 elementor-widget elementor-widget-heading\" data-id=\"09ee2b0\" data-element_type=\"widget\" data-widget_type=\"heading.default\">\n\t\t\t\t<div class=\"elementor-widget-container\">\n\t\t\t<h2 class=\"elementor-heading-title elementor-size-default\">Obras de Engenharia<\/h2>\t\t<\/div>\n\t\t\t\t<\/div>\n\t\t\t\t\t<\/div>\n\t\t<\/div>\n\t\t\t\t\t\t\t<\/div>\n\t\t<\/section>\n\t\t\t\t<section class=\"elementor-section elementor-top-section elementor-element elementor-element-1c18b00 elementor-section-boxed elementor-section-height-default elementor-section-height-default elementor-invisible\" data-id=\"1c18b00\" data-element_type=\"section\" data-settings=\"{&quot;animation&quot;:&quot;fadeInDown&quot;}\">\n\t\t\t\t\t\t<div class=\"elementor-container elementor-column-gap-default\">\n\t\t\t\t\t<div class=\"elementor-column elementor-col-100 elementor-top-column elementor-element elementor-element-32a8c27\" data-id=\"32a8c27\" data-element_type=\"column\">\n\t\t\t<div class=\"elementor-widget-wrap elementor-element-populated\">\n\t\t\t\t\t\t\t\t<div class=\"elementor-element elementor-element-1c4c566 elementor-tabs-view-horizontal elementor-invisible elementor-widget elementor-widget-tabs\" data-id=\"1c4c566\" data-element_type=\"widget\" data-settings=\"{&quot;_animation&quot;:&quot;fadeIn&quot;}\" data-widget_type=\"tabs.default\">\n\t\t\t\t<div class=\"elementor-widget-container\">\n\t\t\t\t\t<div class=\"elementor-tabs\">\n\t\t\t<div class=\"elementor-tabs-wrapper\" role=\"tablist\" >\n\t\t\t\t\t\t\t\t\t<div id=\"elementor-tab-title-2961\" class=\"elementor-tab-title elementor-tab-desktop-title\" aria-selected=\"true\" data-tab=\"1\" role=\"tab\" tabindex=\"0\" aria-controls=\"elementor-tab-content-2961\" aria-expanded=\"false\">Obras de Engenharia<\/div>\n\t\t\t\t\t\t\t<\/div>\n\t\t\t<div class=\"elementor-tabs-content-wrapper\" role=\"tablist\" aria-orientation=\"vertical\">\n\t\t\t\t\t\t\t\t\t<div class=\"elementor-tab-title elementor-tab-mobile-title\" aria-selected=\"true\" data-tab=\"1\" role=\"tab\" tabindex=\"0\" aria-controls=\"elementor-tab-content-2961\" aria-expanded=\"false\">Obras de Engenharia<\/div>\n\t\t\t\t\t<div id=\"elementor-tab-content-2961\" class=\"elementor-tab-content elementor-clearfix\" data-tab=\"1\" role=\"tabpanel\" aria-labelledby=\"elementor-tab-title-2961\" tabindex=\"0\" hidden=\"false\"><p>Atuamos em diversos segmentos da constru\u00e7\u00e3o civil para obras p\u00fablicas quanto privadas.<\/p><p>Os profissionais da Supriete Saneamento s\u00e3o altamente capacitados, com experi\u00eancia adquirida no acompanhamento e execu\u00e7\u00e3o dos mais variados tipos de obras.<\/p><\/div>\n\t\t\t\t\t\t\t<\/div>\n\t\t<\/div>\n\t\t\t\t<\/div>\n\t\t\t\t<\/div>\n\t\t\t\t\t<\/div>\n\t\t<\/div>\n\t\t\t\t\t\t\t<\/div>\n\t\t<\/section>\n\t\t\t\t<section class=\"elementor-section elementor-top-section elementor-element elementor-element-4bfabd7 elementor-section-boxed elementor-section-height-default elementor-section-height-default\" data-id=\"4bfabd7\" data-element_type=\"section\">\n\t\t\t\t\t\t<div class=\"elementor-container elementor-column-gap-default\">\n\t\t\t\t\t<div class=\"elementor-column elementor-col-100 elementor-top-column elementor-element elementor-element-a9d3f35\" data-id=\"a9d3f35\" data-element_type=\"column\">\n\t\t\t<div class=\"elementor-widget-wrap elementor-element-populated\">\n\t\t\t\t\t\t\t\t<section class=\"elementor-section elementor-inner-section elementor-element elementor-element-926a6c5 elementor-section-boxed elementor-section-height-default elementor-section-height-default\" data-id=\"926a6c5\" data-element_type=\"section\">\n\t\t\t\t\t\t<div class=\"elementor-container elementor-column-gap-default\">\n\t\t\t\t\t<div class=\"elementor-column elementor-col-50 elementor-inner-column elementor-element elementor-element-498f98e\" data-id=\"498f98e\" data-element_type=\"column\">\n\t\t\t<div class=\"elementor-widget-wrap elementor-element-populated\">\n\t\t\t\t\t\t\t\t<div class=\"elementor-element elementor-element-c7c3792 elementor-widget elementor-widget-image\" data-id=\"c7c3792\" data-element_type=\"widget\" data-widget_type=\"image.default\">\n\t\t\t\t<div class=\"elementor-widget-container\">\n\t\t\t\t\t\t\t\t\t\t\t\t\t\t\t<img loading=\"lazy\" decoding=\"async\" width=\"720\" height=\"720\" src=\"https:\/\/supriete.com.br\/wp-content\/uploads\/2021\/08\/Obras-AMBEV-1.jpeg\" class=\"attachment-large size-large\" alt=\"\" srcset=\"https:\/\/supriete.com.br\/wp-content\/uploads\/2021\/08\/Obras-AMBEV-1.jpeg 720w, https:\/\/supriete.com.br\/wp-content\/uploads\/2021\/08\/Obras-AMBEV-1-300x300.jpeg 300w, https:\/\/supriete.com.br\/wp-content\/uploads\/2021\/08\/Obras-AMBEV-1-150x150.jpeg 150w\" sizes=\"auto, (max-width: 720px) 100vw, 720px\" \/>\t\t\t\t\t\t\t\t\t\t\t\t\t\t\t<\/div>\n\t\t\t\t<\/div>\n\t\t\t\t\t<\/div>\n\t\t<\/div>\n\t\t\t\t<div class=\"elementor-column elementor-col-50 elementor-inner-column elementor-element elementor-element-ca529a2\" data-id=\"ca529a2\" data-element_type=\"column\">\n\t\t\t<div class=\"elementor-widget-wrap elementor-element-populated\">\n\t\t\t\t\t\t\t\t<div class=\"elementor-element elementor-element-7572bf8 elementor-widget elementor-widget-image\" data-id=\"7572bf8\" data-element_type=\"widget\" data-widget_type=\"image.default\">\n\t\t\t\t<div class=\"elementor-widget-container\">\n\t\t\t\t\t\t\t\t\t\t\t\t\t\t\t<img loading=\"lazy\" decoding=\"async\" width=\"720\" height=\"720\" src=\"https:\/\/supriete.com.br\/wp-content\/uploads\/2021\/08\/Obras-AMBEV-2.jpeg\" class=\"attachment-large size-large\" alt=\"\" srcset=\"https:\/\/supriete.com.br\/wp-content\/uploads\/2021\/08\/Obras-AMBEV-2.jpeg 720w, https:\/\/supriete.com.br\/wp-content\/uploads\/2021\/08\/Obras-AMBEV-2-300x300.jpeg 300w, https:\/\/supriete.com.br\/wp-content\/uploads\/2021\/08\/Obras-AMBEV-2-150x150.jpeg 150w\" sizes=\"auto, (max-width: 720px) 100vw, 720px\" \/>\t\t\t\t\t\t\t\t\t\t\t\t\t\t\t<\/div>\n\t\t\t\t<\/div>\n\t\t\t\t\t<\/div>\n\t\t<\/div>\n\t\t\t\t\t\t\t<\/div>\n\t\t<\/section>\n\t\t\t\t<section class=\"elementor-section elementor-inner-section elementor-element elementor-element-b2bee60 elementor-section-boxed elementor-section-height-default elementor-section-height-default\" data-id=\"b2bee60\" data-element_type=\"section\">\n\t\t\t\t\t\t<div class=\"elementor-container elementor-column-gap-default\">\n\t\t\t\t\t<div class=\"elementor-column elementor-col-50 elementor-inner-column elementor-element elementor-element-7e648b6\" data-id=\"7e648b6\" data-element_type=\"column\">\n\t\t\t<div class=\"elementor-widget-wrap elementor-element-populated\">\n\t\t\t\t\t\t\t\t<div class=\"elementor-element elementor-element-70c5513 elementor-widget elementor-widget-image\" data-id=\"70c5513\" data-element_type=\"widget\" data-widget_type=\"image.default\">\n\t\t\t\t<div class=\"elementor-widget-container\">\n\t\t\t\t\t\t\t\t\t\t\t\t\t\t\t<img loading=\"lazy\" decoding=\"async\" width=\"720\" height=\"720\" src=\"https:\/\/supriete.com.br\/wp-content\/uploads\/2021\/08\/Obras-AMBEV.jpeg\" class=\"attachment-large size-large\" alt=\"\" srcset=\"https:\/\/supriete.com.br\/wp-content\/uploads\/2021\/08\/Obras-AMBEV.jpeg 720w, https:\/\/supriete.com.br\/wp-content\/uploads\/2021\/08\/Obras-AMBEV-300x300.jpeg 300w, https:\/\/supriete.com.br\/wp-content\/uploads\/2021\/08\/Obras-AMBEV-150x150.jpeg 150w\" sizes=\"auto, (max-width: 720px) 100vw, 720px\" \/>\t\t\t\t\t\t\t\t\t\t\t\t\t\t\t<\/div>\n\t\t\t\t<\/div>\n\t\t\t\t\t<\/div>\n\t\t<\/div>\n\t\t\t\t<div class=\"elementor-column elementor-col-50 elementor-inner-column elementor-element elementor-element-2cef71c\" data-id=\"2cef71c\" data-element_type=\"column\">\n\t\t\t<div class=\"elementor-widget-wrap elementor-element-populated\">\n\t\t\t\t\t\t\t\t<div class=\"elementor-element elementor-element-4b39869 elementor-widget elementor-widget-image\" data-id=\"4b39869\" data-element_type=\"widget\" data-widget_type=\"image.default\">\n\t\t\t\t<div class=\"elementor-widget-container\">\n\t\t\t\t\t\t\t\t\t\t\t\t\t\t\t<img loading=\"lazy\" decoding=\"async\" width=\"720\" height=\"720\" src=\"https:\/\/supriete.com.br\/wp-content\/uploads\/2021\/08\/Obras-AMBEV-3.jpeg\" class=\"attachment-large size-large\" alt=\"\" srcset=\"https:\/\/supriete.com.br\/wp-content\/uploads\/2021\/08\/Obras-AMBEV-3.jpeg 720w, https:\/\/supriete.com.br\/wp-content\/uploads\/2021\/08\/Obras-AMBEV-3-300x300.jpeg 300w, https:\/\/supriete.com.br\/wp-content\/uploads\/2021\/08\/Obras-AMBEV-3-150x150.jpeg 150w\" sizes=\"auto, (max-width: 720px) 100vw, 720px\" \/>\t\t\t\t\t\t\t\t\t\t\t\t\t\t\t<\/div>\n\t\t\t\t<\/div>\n\t\t\t\t\t<\/div>\n\t\t<\/div>\n\t\t\t\t\t\t\t<\/div>\n\t\t<\/section>\n\t\t\t\t\t<\/div>\n\t\t<\/div>\n\t\t\t\t\t\t\t<\/div>\n\t\t<\/section>\n\t\t\t\t\t\t<\/div>\n\t\t\t\t\t<\/div>\n\t\t","protected":false},"excerpt":{"rendered":"<p>Obras de Engenharia Obras de Engenharia Obras de Engenharia Atuamos em diversos segmentos da constru\u00e7\u00e3o civil para obras p\u00fablicas quanto privadas. Os profissionais da Supriete Saneamento s\u00e3o altamente capacitados, com experi\u00eancia adquirida no acompanhamento e execu\u00e7\u00e3o dos mais variados tipos de obras.<\/p>\n","protected":false},"author":1,"featured_media":0,"parent":0,"menu_order":0,"comment_status":"closed","ping_status":"closed","template":"elementor_header_footer","meta":{"footnotes":""},"class_list":["post-555","page","type-page","status-publish","hentry"],"_links":{"self":[{"href":"https:\/\/supriete.com.br\/index.php\/wp-json\/wp\/v2\/pages\/555","targetHints":{"allow":["GET"]}}],"collection":[{"href":"https:\/\/supriete.com.br\/index.php\/wp-json\/wp\/v2\/pages"}],"about":[{"href":"https:\/\/supriete.com.br\/index.php\/wp-json\/wp\/v2\/types\/page"}],"author":[{"embeddable":true,"href":"https:\/\/supriete.com.br\/index.php\/wp-json\/wp\/v2\/users\/1"}],"replies":[{"embeddable":true,"href":"https:\/\/supriete.com.br\/index.php\/wp-json\/wp\/v2\/comments?post=555"}],"version-history":[{"count":22,"href":"https:\/\/supriete.com.br\/index.php\/wp-json\/wp\/v2\/pages\/555\/revisions"}],"predecessor-version":[{"id":2425,"href":"https:\/\/supriete.com.br\/index.php\/wp-json\/wp\/v2\/pages\/555\/revisions\/2425"}],"wp:attachment":[{"href":"https:\/\/supriete.com.br\/index.php\/wp-json\/wp\/v2\/media?parent=555"}],"curies":[{"name":"wp","href":"https:\/\/api.w.org\/{rel}","templated":true}]}}